 composite number?
True
Is 278352161 composite?
False
Is 2908283 a prime number?
False
Is 1706431 composite?
True
Is 6074147 prime?
True
Is 4356749 prime?
True
Is 2803595 a composite number?
True
Is 6826502 a prime number?
False
Is 13144567 a composite number?
True
Is 5086183 composite?
True
Is 729899 a prime number?
False
Is 48959969 a prime number?
False
Is 44309721 prime?
False
Is 11862527 composite?
False
Is 82779339 a prime number?
False
Is 182933657 prime?
True
Is 1870751557 a prime number?
True
Is 114188323 composite?
False
Is 35255001 a composite number?
True
Is 81157883 prime?
True
Is 79909241 prime?
True
Is 3051481 a composite number?
False
Is 4892873 a prime number?
True
Is 228385347 a composite number?
True
Is 3360377 prime?
False
Is 13588207 a prime number?
False
Is 5086931 a prime number?
True
Is 122482237 composite?
False
Is 503323 composite?
True
Is 542008897 composite?
False
Is 2024062 prime?
False
Is 23779579 a prime number?
True
Is 17300573 prime?
False
Is 1976167 a composite number?
False
Is 57217201 prime?
True
Is 1146350633 composite?
True
Is 3241883 prime?
False
Is 3988321 a composite number?
False
Is 1500262 a prime number?
False
Is 4860533 prime?
True
Is 98609377 a prime number?
False
Is 41721059 a prime number?
True
Is 3071539 composite?
False
Is 15608377 composite?
False
Is 9555951 prime?
False
Is 23285341 prime?
False
Is 1359053 composite?
False
Is 74674979 a composite number?
True
Is 78211669 a composite number?
False
Is 13034827 a composite number?
True
Is 19359061 composite?
False
Is 2500727 a composite number?
False
Is 205552097 prime?
True
Is 4584773 a prime number?
True
Is 37944259 prime?
True
Is 258417127 prime?
True
Is 2638829 composite?
True
Is 126116183 a prime number?
False
Is 5372203 composite?
False
Is 56150447 a composite number?
False
Is 324251 composite?
False
Is 89020487 composite?
False
Is 40832137 composite?
False
Is 8456633 prime?
False
Is 1104949 composite?
True
Is 422482 a prime number?
False
Is 103325551 a composite number?
True
Is 1071536035 a prime number?
False
Is 57760763 a prime number?
True
Is 7532771 a composite number?
False
Is 14359627 prime?
False
Is 8735629 composite?
True
Is 9269861 a prime number?
True
Is 116738747 composite?
False
Is 15984601 a prime number?
False
Is 370235 a prime number?
False
Is 1414795 prime?
False
Is 621728215 a composite number?
True
Is 85382345 a prime number?
False
Is 28204903 composite?
False
Is 303913 a composite number?
True
Is 6134885 a composite number?
True
Is 519336429 a composite number?
True
Is 24552257 prime?
True
Is 615367 prime?
True
Is 7602207 a composite number?
True
Is 4369397 a composite number?
False
Is 4448057 a composite number?
True
Is 153098131 prime?
False
Is 97735819 composite?
False
Is 8213389 a composite number?
True
Is 24232393 a prime number?
True
Is 215167207 composite?
False
Is 54637871 composite?
True
Is 8663123 composite?
True
Is 11158661 a composite number?
False
Is 128339207 a prime number?
True
Is 198571855 prime?
False
Is 4046927 a prime number?
True
Is 5223853 composite?
False
Is 26207131 a composite number?
False
Is 32728981 a prime number?
False
Is 14972515 prime?
False
Is 5207941 a composite number?
False
Is 9766009 a prime number?
False
Is 32982011 a prime number?
True
Is 66190559 prime?
False
Is 724721 a prime number?
True
Is 122483767 a composite number?
True
Is 32630681 a composite number?
False
Is 26442149 composite?
False
Is 408737617 composite?
False
Is 21685481 prime?
False
Is 9747635 prime?
False
Is 10269269 a composite number?
False
Is 77090731 prime?
True
Is 286424989 a composite number?
True
Is 34500097 composite?
False
Is 12567143 a prime number?
True
Is 7856197 a composite number?
False
Is 350589847 a prime number?
True
Is 2264303 composite?
True
Is 1511 a prime number?
True
Is 415643 composite?
False
Is 2481709 composite?
False
Is 1152649 a prime number?
True
Is 104758529 composite?
False
Is 13074167 prime?
True
Is 2745239 a prime number?
False
Is 302071639 prime?
True
Is 3741029 prime?
False
Is 654675709 a composite number?
False
Is 14965507 prime?
True
Is 24356957 a composite number?
False
Is 1993601 a composite number?
False
Is 29157691 a composite number?
False
Is 5813777 a prime number?
False
Is 54360277 prime?
True
Is 29393201 prime?
True
Is 5009945 prime?
False
Is 428971 a prime number?
False
Is 55736537 a prime number?
True
Is 9370217 prime?
False
Is 1089735133 a prime number?
False
Is 221975311 prime?
True
Is 6021227 composite?
False
Is 2978533 a prime number?
True
Is 25660357 composite?
False
Is 584643289 prime?
False
Is 118081613 composite?
True
Is 32482847 a prime number?
True
Is 87499 a prime number?
False
Is 104628197 prime?
True
Is 2016478 prime?
False
Is 222821131 composite?
True
Is 13903771 composite?
True
Is 97213 a composite number?
False
Is 41208107 a prime number?
False
Is 383257741 a composite number?
True
Is 80205347 prime?
False
Is 6777923 a prime number?
True
Is 3667801 a prime number?
False
Is 14960063 a prime number?
True
Is 58070717 a composite number?
False
Is 18061007 composite?
False
Is 70097617 a composite number?
True
Is 1784299 composite?
True
Is 17866655 a prime number?
False
Is 1811651 a composite number?
False
Is 299731 a composite number?
False
Is 3126341 a composite number?
True
Is 818705 a composite number?
True
Is 2035289 prime?
True
Is 3468061 a prime number?
True
Is 760091 a prime number?
False
Is 6225469 composite?
False
Is 81464941 prime?
False
Is 64421573 composite?
True
Is 144652621 a prime number?
True
Is 1529357 a composite number?
False
Is 12417929 a composite number?
False
Is 3321951 prime?
False
Is 12205829 a composite number?
False
Is 12621241 composite?
False
Is 14857453 a composite number?
True
Is 797219 a composite number?
True
Is 133753757 composite?
False
Is 4891361 prime?
True
Is 234001 a composite number?
True
Is 20426983 a prime number?
False
Is 4751519 composite?
False
Is 258117257 a prime number?
True
Is 97579267 a prime number?
True
Is 1084543 prime?
True
Is 7433821 prime?
False
Is 5261923 a prime number?
True
Is 2567509 prime?
False
Is 288591587 composite?
True
Is 6268337 prime?
False
Is 122068057 composite?
False
Is 57107759 a composite number?
False
Is 282859 prime?
False
Is 1669669 a prime number?
False
Is 1272749 prime?
True
Is 3712399 prime?
False
Is 46104559 composite?
False
Is 103669 prime?
True
Is 14104133 prime?
True
Is 5599049 composite?
True
Is 1190183 composite?
True
Is 300555023 composite?
False
Is 4531799 a prime number?
True
Is 27279229 a composite number?
True
Is 3247331 a prime number?
True
Is 8504051 composite?
False
Is 151741307 composite?
False
Is 207833 a composite number?
False
Is 480529321 prime?
False
Is 10857157 prime?
False
Is 3195299 prime?
True
Is 36294746 a prime number?
False
Is 842141 a prime number?
True
Is 140451965 a prime number?
False
Is 12710593 prime?
False
Is 10951877 prime?
False
Is 105982343 a prime number?
True
Is 25795463 composite?
False
Is 3631267 a prime number?
False
Is 4928591 prime?
True
Is 60351791 a composite number?
True
Is 12513781 a prime number?
False
Is 35451373 a prime number?
True
Is 2696257 prime?
True
Is 408071 a prime number?
True
Is 1270415 a composite number?
True
Is 821989297 composite?
False
Is 47717123 a prime number?
False
Is 34491577 a composite number?
True
Is 8464493 prime?
True
Is 14628391 prime?
False
Is 313927 a composite number?
True
Is 41157903 a prime number?
False
Is 10202303 prime?
False
Is 21822467 a prime number?
False
Is 5990009 a composite number?
True
Is 1656554 prime?
False
Is 95339477 prime?
False
Is 59687893 composite?
True
Is 2041331 a prime number?
False
Is 100324387 a composite number?
False
Is 454573373 prime?
True
Is 5155351 prime?
True
Is 303874789 a composite number?
True
Is 77848157 composite?
False
Is 50760053 a composite number?
False
Is 130183531 a composite number?
False
Is 309433 a composite number?
False
Is 38277595 a prime number?
False
Is 107919493 a prime number?
False
Is 2657485 a prime number?
False
Is 73864321 composite?
True
Is 4143899 a prime number?
False
Is 46620491 a composite number?
True
Is 64210901 prime?
False
Is 1958137 a composite number?
False
Is 34672679 a prime number?
True
Is 18759071 composite?
True
Is 2590473 a c